hat is the greatest common factor of k and 135?
27
Let l(k) = -17*k - 46. Let g be l(-14). What is the highest common divisor of g and 240?
48
Let w be (2/3)/((-10)/6 + 1). Let z be (-54)/((-27)/(-12) + (-4 - w)). Calculate the highest common divisor of 9 and z.
9
Suppose 4*x - 67 = -5*v, 4*x - 5 = -v - x. Suppose v = 2*a - a. Calculate the highest common factor of 5 and a.
5
Suppose 8*i - 106 = 6. What is the greatest common divisor of 4 and i?
2
Let g be (-8)/((-5)/5) - 1. Suppose 0 = g*b - 5*b - 42. Suppose 2*m - 378 = -0*m. Calculate the highest common factor of b and m.
21
Suppose -5*d + 100 - 337 = -2*b, -d + 313 = 3*b. Let u = 193 - b. Calculate the highest common factor of u and 29.
29
Let u be -2*(-21)/6 + -2. Let a be -2 + -1 + 145/u. Let f = 50 - a. Calculate the greatest common divisor of f and 120.
24
Suppose -2*h - 3*q + 869 = 0, 5*h - 5*q - 1351 = 2*h. Calculate the highest common factor of 26 and h.
26
Let o = 547 - 535. Calculate the greatest common divisor of o and 972.
12
Let y(n) = -n**2 - n + 136. Let k be y(-12). What is the greatest common divisor of 27 and k?
1
Let u(p) = p**3 + 15*p**2 - 22*p + 64. Let q be u(-16). Calculate the highest common factor of 15 and q.
5
Let n = -256 + 286. Calculate the greatest common divisor of n and 50.
10
Suppose -4*m + 66 = -3*z - 6, -5*z = -5*m + 95. Let s = 30 - m. Suppose -51*l + 60*l = 540. Calculate the highest common divisor of l and s.
15
Let o = -11 + 14. Suppose o*l = -2 + 170. Let n(s) = 2*s**2 - 6*s. Let z be n(4). What is the greatest common factor of z and l?
8
Suppose 2*c - 42 = 2*n, n = 3*c + 3*n - 68. What is the greatest common factor of 176 and c?
22
Suppose 0 = -11*k + 6*k + 125. Let q = k + -13. Let p = 20 + -12. Calculate the greatest common factor of q and p.
4
Suppose -222 = -4*y - 3*p + 348, 4*y + 4*p - 568 = 0. What is the greatest common factor of 18 and y?
18
Suppose -65*q = -58*q - 1029. What is the highest common factor of 63 and q?
21
Let a = 40 + -16. Let q(k) = 2*k - 8. Let u be q(13). Let s be 660/u + (-4)/6. Calculate the highest common factor of s and a.
12
Let g(f) = f**2 - 13*f - 156. Let v be g(28). What is the highest common factor of 165 and v?
33
Let i(v) = 4*v. Let s(j) = -3*j + 1. Let p(g) = 5*i(g) + 6*s(g). Let h be p(-2). Suppose h*a + 2*a = 72. Calculate the highest common factor of a and 144.
18
Let s(q) be the second derivative of 5*q + q**3 - 3/2*q**2 + 0 + 1/6*q**4. Let v be s(-5). What is the highest common divisor of v and 153?
17
Suppose 2*z + 41 = -5*j, 0*z - j - 19 = z. Let c = z + 21. Suppose -c*h + 0*h = -15. What is the greatest common factor of h and 20?
5
Let v be 10*((-46)/(-10) + -3). Suppose 2*y = -4 + v. Let d = -1 + y. Calculate the highest common divisor of d and 5.
5
Suppose 9*o - 5*f = 4*o + 435, -15 = 5*f. What is the greatest common factor of o and 12?
12
Let h(w) = 9*w + 20. Let d(g) = -g + 5. Let z be d(-7). Let v be h(z). Calculate the greatest common factor of 16 and v.
16
Suppose -5*x - 4 = 5*m - 9, 6 = 4*x + 2*m. Calculate the greatest common divisor of x and 62.
2
Let v(y) = -123*y - 378. Let h be v(-4). What is the highest common divisor of 1824 and h?
114
Let w = -644 - -667. Suppose -5*v + 4*f + 353 = 0, -4*v + f + f + 280 = 0. What is the highest common factor of w and v?
23
Let i(k) = -27*k + 2. Suppose 0 = -x - 4*a - 1, -2*a + 2 = -3*x - 1. Let y be i(x). Calculate the highest common factor of y and 145.
29
Let g(t) = t**2 + 9*t + 3. Let k be g(-6). Let d = k + 31. Let p = 18 - -14. What is the greatest common factor of p and d?
16
Let x be (3 - (-2 - -4))*(14 - 12). What is the greatest common divisor of x and 38?
2
Let s be 3 + -3 + 27*1. Suppose -22*m + 19*m + 729 = 0. Calculate the highest common factor of s and m.
27
Let k(y) = 17*y + 327. Let z be k(7). What is the highest common factor of 2 and z?
2
Let a(h) = -h**3 + 16*h**2 + 2*h - 29. Let z be a(16). Suppose 0*x - 52 = -4*x + 4*q, -x = -z*q - 19. Calculate the greatest common factor of 110 and x.
10
Let a(m) = 41*m**3 - 9*m**2 + 2*m + 4. Let z be a(2). Calculate the greatest common divisor of 8 and z.
4
Let o(l) be the first derivative of l**3/3 + 2*l**2 + 4*l - 4. Let t be o(-6). Suppose 3*i = -15*i + 720. What is the highest common divisor of i and t?
8
Suppose 0 = 3*g + 5*w - 2, -35 = 5*w - 25. Calculate the greatest common divisor of 448 and g.
4
Let b(q) = -q**3 + 7*q**2 - q + 4. Let g be b(4). Calculate the highest common divisor of g and 264.
24
Let l(t) = 2*t**2 + 18*t + 5. Let u be l(-8). Let g be 14/(-1)*u/2. What is the highest common divisor of 11 and g?
11
Suppose -69 = -10*o + 31. Let f(a) = a + 7. Let v(d) = -2*d**2 - 3*d + 4. Let y be v(-3). Let w be f(y). Calculate the greatest common divisor of w and o.
2
Let g = 273 - -243. What is the greatest common divisor of g and 24?
12
Let t be (-19)/(-4) - 4/(-16). Suppose 4*i + 4*l + 0*l = 452, 0 = t*i - 2*l - 572. Suppose i = 5*x + 39. Calculate the highest common factor of x and 135.
15
Suppose 52*l - 3188 = 6068. What is the highest common factor of l and 2?
2
Let d(a) = a**3 + 2*a**2 + 41. Let v(z) = 8*z + 40. Let i be v(-5). Let k be d(i). Calculate the highest common divisor of k and 41.
41
Suppose -20 = -3*w - 5. Let u be (-48)/2*3/4. Let t = 43 + u. Calculate the greatest common factor of t and w.
5
Let y(x) = x**3 - 5*x**2 + 17*x - 128. Let j be y(6). Suppose -2*k = -5 - 31. Suppose 0 = -4*i + 78 - k. What is the greatest common divisor of i and j?
5
Let t = -296 + 339. Calculate the greatest common factor of t and 688.
43
Let z(a) = a**3 - 8 + 7*a**2 + 0*a**2 + 4*a + 0. Suppose -7*f + 41 = 83. Let m be z(f). What is the greatest common factor of m and 28?
4
Suppose 28*s - 2853 = 32819. Calculate the greatest common divisor of 49 and s.
49
Suppose i = -0*i + 12. Let v = i - 8. Let x(d) = d + 9. Let s be x(-5). Calculate the highest common divisor of s and v.
4
Let w(o) = 23*o - 1. Let c be w(1). Let r(g) = g - 214. Let a be r(0). Let b be -8*(a/8 - -2). What is the highest common factor of c and b?
22
Let k(q) = q**2 - 3*q - 8. Suppose -27*p = -32*p. Let v = 7 - p. Let t be k(v). Calculate the greatest common factor of 10 and t.
10
Suppose -24 = -7*c + 18. What is the greatest common divisor of 27 and c?
3
Suppose -3*b - 16 = -112. Suppose 8 = v - 2*f - b, -5*f = -4*v + 160. Let h(j) = 5*j**2 - j - 1. Let w be h(-1). What is the greatest common factor of v and w?
5
Let h be (-2812)/(-518) - (3 + (-54)/21). What is the greatest common factor of h and 755?
5
Suppose 4*t - 20 = -4. Suppose u - 43 - 5 = -4*a, t*u - 164 = -2*a. Suppose 3*l - 320 = -17*l. What is the greatest common divisor of l and u?
8
Suppose -506*u = -494*u - 36. Let q(r) = r**3 + 10*r**2 - 11*r - 1. Let c be q(-11). Let h be 2 - (c + 2*-12). Calculate the greatest common divisor of u and h.
3
Let w(a) be the second derivative of -a**5/20 - 5*a**4/12 + 3*a**3/2 + 9*a**2/2 + 5*a. Let i be w(-7). What is the highest common factor of 132 and i?
44
Suppose -2*v + 5*r = 2*v - 911, -2*r = -4*v + 902. Calculate the highest common divisor of v and 28.
28
Let i(r) = r**2 + 3*r + 12. Let z be i(3). Let j be -140*(3 + (-9)/2). What is the greatest common divisor of j and z?
30
Suppose 33 - 3 = 6*f. Suppose f*a + 48 - 128 = 0. Let c = 73 - 49. What is the greatest common factor of c and a?
8
Let c be (2 - 1)/((-8)/(-24)). Suppose 3*x + 1 = -2*y + 3, -2*y - 22 = -c*x. What is the highest common divisor of x and 4?
4
Suppose 362*k - 365*k = -315. What is the highest common divisor of k and 135?
15
Let n be (-3)/(-2) + 3/((-30)/(-385)). Calculate the highest common divisor of 30 and n.
10
Suppose 3*f - 23*f + 320 = 0. Calculate the highest common divisor of 16 and f.
16
Let g = 81 - 79. Suppose 0 = g*l - 32. Calculate the highest common divisor of 16 and l.
16
Let f = 1074 + -369. Calculate the greatest common factor of 45 and f.
15
Let f be (-44)/66 + 3*296/36. What is the greatest common divisor of 2568 and f?
24
Let w(y) = -2*y - 15. Let t be w(-10). Let a(h) = -h**3 + 5*h**2 + 4*h - 5. Let s be a(t). Calculate the highest common factor of s and 165.
15
Let d = -4 + 12. Let v(m) = m**3 - 5*m**2 - 19*m + 99. Let r be v(7). What is the greatest common divisor of d and r?
8
Let h(x) = 4*x**2 - 2*x - 3. Let l be h(-4). Le